.
3
Calculate the greatest common divisor of 979760 and 185.
185
What is the highest common factor of 17212 and 468?
52
What is the highest common divisor of 75345 and 2?
1
Calculate the greatest common factor of 6888 and 119.
7
Calculate the greatest common divisor of 3185 and 315.
35
What is the greatest common divisor of 11364278 and 673?
673
Calculate the greatest common divisor of 79 and 292379.
79
What is the greatest common factor of 68 and 91783?
17
Calculate the highest common factor of 213399 and 393.
393
Calculate the greatest common divisor of 150 and 571.
1
Calculate the greatest common divisor of 21638 and 496.
62
What is the greatest common divisor of 7 and 27503?
7
What is the highest common factor of 3726 and 66042?
54
Calculate the highest common divisor of 3070 and 4430.
10
Calculate the greatest common divisor of 2291859 and 1476.
369
What is the greatest common divisor of 3086575 and 1324?
331
Calculate the greatest common factor of 30 and 4083060.
30
What is the greatest common divisor of 66044 and 1264?
316
Calculate the greatest common divisor of 1266 and 190744.
422
What is the highest common factor of 275 and 187475?
25
Calculate the greatest common divisor of 182726 and 211.
211
Calculate the highest common factor of 1 and 177039.
1
Calculate the highest common factor of 21 and 574287.
21
What is the highest common divisor of 163120 and 440?
40
Calculate the highest common divisor of 79 and 732883.
79
What is the highest common factor of 3685 and 5489?
11
What is the greatest common divisor of 3575 and 10062?
13
What is the greatest common divisor of 169 and 2031549?
169
Calculate the highest common factor of 48140 and 17596.
332
What is the highest common factor of 13573 and 931?
49
What is the highest common divisor of 3800 and 4520?
40
What is the highest common divisor of 47832 and 8?
8
What is the greatest common divisor of 638 and 3861814?
638
What is the greatest common factor of 5208 and 517545?
651
Calculate the highest common factor of 558 and 1302806.
62
What is the highest common factor of 3735 and 25740?
45
What is the greatest common divisor of 5782 and 6713?
49
What is the highest common divisor of 120 and 1260915?
15
What is the greatest common factor of 2280 and 90744?
456
Calculate the greatest common factor of 8133 and 267.
3
What is the highest common factor of 209645 and 115?
115
What is the highest common divisor of 1107 and 820?
41
What is the highest common factor of 19460 and 2940?
140
Calculate the highest common divisor of 6 and 328845.
3
What is the highest common divisor of 429 and 155793?
33
Calculate the greatest common divisor of 40820 and 17160.
260
Calculate the greatest common divisor of 87527 and 115104.
1199
Calculate the highest common divisor of 399 and 5061.
21
Calculate the highest common factor of 3382 and 21538.
178
Calculate the greatest common divisor of 900 and 22700.
100
Calculate the highest common factor of 66137 and 1.
1
What is the highest common divisor of 12388 and 895196?
652
Calculate the highest common factor of 4 and 10638.
2
What is the highest common divisor of 1008 and 61236?
252
What is the greatest common divisor of 6435 and 46530?
495
What is the greatest common factor of 183 and 100101?
183
What is the greatest common divisor of 91 and 8554?
91
Calculate the greatest common factor of 29825 and 5.
5
Calculate the greatest common divisor of 110 and 70598.
22
What is the highest common factor of 570440 and 208?
104
Calculate the greatest common divisor of 666236 and 7720.
772
Calculate the greatest common factor of 141200 and 60.
20
Calculate the greatest common factor of 1413 and 81483.
471
What is the highest common divisor of 227 and 303499?
227
Calculate the greatest common factor of 4763 and 319.
11
Calculate the greatest common factor of 582 and 81674.
194
What is the greatest common divisor of 40 and 24810?
10
Calculate the highest common factor of 12431 and 279.
31
Calculate the highest common factor of 364958 and 1696.
106
Calculate the greatest common factor of 590 and 12508.
118
Calculate the greatest common divisor of 1479630 and 150.
30
What is the greatest common factor of 1875 and 27525?
75
What is the greatest common factor of 12992 and 10584?
56
What is the highest common divisor of 52447 and 293?
293
Calculate the greatest common divisor of 305 and 16165.
305
Calculate the greatest common factor of 9095 and 2675.
535
What is the highest common factor of 295997 and 39?
13
What is the greatest common divisor of 882 and 2259684?
882
Calculate the greatest common divisor of 21878 and 6.
2
Calculate the highest common divisor of 427 and 623.
7
Calculate the highest common divisor of 558 and 16.
2
What is the greatest common factor of 7772 and 804?
268
What is the greatest common divisor of 968397 and 261?
87
What is the greatest common divisor of 42 and 33192?
6
What is the highest common factor of 10564 and 1216?
76
Calculate the highest common divisor of 68 and 68612.
68
What is the greatest common factor of 36765600 and 2400?
2400
Calculate the highest common divisor of 532 and 8113.
133
Calculate the highest common divisor of 14 and 1072442.
14
What is the highest common divisor of 490 and 1990?
10
What is the highest common factor of 21432 and 17518?
38
What is the highest common factor of 201 and 67536?
201
What is the greatest common factor of 2340 and 31650?
30
What is the highest common divisor of 17312 and 196?
4
Calculate the greatest common factor of 1881 and 495.
99
What is the greatest common divisor of 3464446 and 856?
214
What is the highest common divisor of 1941120 and 2160?
720
What is the greatest common factor of 208 and 129896?
104
What is the greatest common factor of 72478 and 62?
62
What is the greatest common divisor of 23500 and 48880?
940
What is the highest common divisor of 112995 and 372?
93
What is the highest common divisor of 147 and 8967?
147
What is the greatest common divisor of 77 and 189189?
77
Calculate the greatest common divisor of 67935 and 1260.
105
Calculate the greatest common divisor of 200 and 283775.
25
Calculate the greatest common divisor of 6 and 94686.
6
Calculate the highest common factor of 34907 and 201.
67
Calculate the greatest common divisor of 9126 and 223236.
702
Calculate the highest common divisor of 640 and 15920.
80
What is the greatest common factor of 222 and 240278?
74
Calculate the greatest common divisor of 110 and 1280.
10
What is the greatest common divisor of 38034 and 30?
6
Calculate the highest common divisor of 18384 and 17618.
766
Calculate the highest common divisor of 3804616 and 346.
346
What is the highest common divisor of 968 and 22627?
121
Calculate the highest common factor of 22 and 56254.
22
What is the greatest common divisor of 1152 and 17580?
12
What is the highest common factor of 2475 and 50875?
275
What is the greatest common factor of 75295 and 8325?
185
What is the highest common factor of 11349 and 14625?
117
What is the greatest common divisor of 3434 and 68?
34
Calculate the highest common divisor of 32 and 341344.
32
Calculate the highest common factor of 945460 and 656.
164
What is the greatest common divisor of 11800 and 29800?
200
Calculate the highest common divisor of 495 and 3897.
9
What is the greatest common divisor of 588522 and 259?
37
What is the greatest common divisor of 31 and 509981?
31
What is the highest common divisor of 1526 and 112?
14
Calculate the greatest common divisor of 220 and 305250.
110
What is the highest common divisor of 713 and 4743?
31
What is the greatest common factor of 4099261 and 649?
59
Calculate the highest common divisor of 3706 and 1326.
34
Calculate the highest common divisor of 140 and 134645.
35
What is the greatest common factor of 30 and 1146?
6
Calculate the greatest common factor of 266752 and 14067.
521
What is the greatest common factor of 20228 and 389?
389
What is the highest common divisor of 8050203 and 126?
63
What is the greatest common factor of 8906 and 146?
146
What is the greatest common factor of 408 and 474555?
51
What is the highest common factor of 4089 and 338024?
1363
Calculate the highest common divisor of 57 and 168055.
19
Calculate the greatest common factor of 125608 and 